ime number?
False
Let s be (-2)/5 + (-3)/5. Is 53 + (0 - s) - 1 a prime number?
True
Suppose 3*q = h + 70, -91 = -2*q - 2*q - h. Suppose -2 - q = -5*o, -5*d = o + 105. Let u = -12 - d. Is u prime?
False
Let u = 186 + -53. Is u prime?
False
Let x = -4 + 6. Suppose -3*s = -145 - x. Is s a prime number?
False
Let k(s) = -75*s - 1. Is k(-1) composite?
True
Let c be (-109)/(-2)*2*-1. Let w = c - -155. Is w composite?
True
Let o = 332 + -232. Let s = 20 - 10. Suppose s = 2*v - o. Is v prime?
False
Let s(f) = -3*f - 1. Let a(y) be the third derivative of y**4/12 + y**3/6 + 2*y**2. Let t(o) = -4*a(o) - 6*s(o). Is t(2) a prime number?
False
Let l(g) be the first derivative of -7*g**6/120 + g**5/30 - g**4/24 + g**3/6 - g**2/2 + 2. Let a(p) be the second derivative of l(p). Is a(-2) a prime number?
True
Is -1*(-3 - 55*8) prime?
True
Let c = -3 + 5. Suppose -6*u + 34 = -4*u. Suppose c*v = -10, -2*h + u = -v + 6*v. Is h a prime number?
False
Let k be 4/(-3)*63/(-14). Suppose 3*g + k + 6 = 0. Is g/(-18) + (-2040)/(-54) a composite number?
True
Is 27/(-6)*376/(-12) a prime number?
False
Let x = -3 - -3. Suppose 0 = u - 2*r - 9, x*u + 9 = 5*u + 2*r. Suppose 3 = f - v - v, -4*v + u = f. Is f composite?
False
Let t(z) = -47*z**3 - z**2 + 1. Is t(-2) a composite number?
False
Let g(u) = -u**3 - 5*u**2 - 5*u - 1. Let r(d) = d + 1. Let i be r(-1). Let q(b) = b - 6. Let m be q(i). Is g(m) composite?
True
Let l = 2999 + -1089. Is l/8 + (-2)/(-8) a composite number?
False
Let o(b) = 5*b + 4. Let g be o(6). Let w = g - -23. Is w composite?
True
Suppose -4*w + 2*w = 0. Suppose 0 = -w*y - 2*y + 46. Is y composite?
False
Let f(w) be the second derivative of w**4/12 - 4*w**3/3 + 5*w**2/2 + 2*w. Is f(12) a composite number?
False
Suppose 3*k - 4*s = 515, 5*s - 218 = -k - 59. Suppose 0 = 3*w - 2*v - k, 0*w + 3*w = -4*v + 193. Is w a prime number?
True
Let z(k) = -126*k**3 + k**2. Is z(-1) composite?
False
Let g(c) = c + 111. Is g(0) prime?
False
Suppose 12*x - 8*x = 388. Is x prime?
True
Suppose 5*m + 4*f - 35 = 0, 3*m + 0*f - 4 = f. Suppose 0 = -m*b + 3 + 9. Suppose b*n - 21 - 255 = 0. Is n a composite number?
True
Let y = -4 + 2. Is ((-2)/(-4))/(y/(-332)) prime?
True
Is ((-137)/2)/((-6)/60) prime?
False
Suppose -o - 315 = -6*o. Suppose r + o = 4*r. Suppose s - r = -6. Is s prime?
False
Let i(g) = 251*g**2 + 0*g - 3 + g + 2. Is i(1) a composite number?
False
Let b be (-2)/(-4) + (-3925)/10. Let y = b - -685. Is y a prime number?
True
Suppose -z - z - 4*g = -160, -2*z = 2*g - 154. Is z prime?
False
Let d be 4 - (1 + -1 + -229 + -2). Suppose -12 - 13 = -5*j. Suppose 0*l - d = -j*l. Is l prime?
True
Suppose 0 = -4*w - 5 - 107. Let b = 5 - w. Is b composite?
True
Let y(s) = -s + 5. Let x be y(5). Let n(g) = 3*g**3 - 3*g**2 + x*g**2 + g - 2*g**3. Is n(3) prime?
True
Let p be 3/9 - 231/(-9). Let y = p + -4. Is y prime?
False
Is 4 - (-11835)/((-25)/(-5)) a prime number?
True
Is ((0 - 4)/4)/(2/(-1114)) composite?
False
Let z(q) = q**3 + 3*q**2 - 5*q + 2. Suppose y + 7 = t, 4*y + 4*t + 10 = 2*t. Let b be z(y). Suppose 218 = b*j - j + h, -j = -5*h - 28. Is j a composite number?
False
Let r = 20 - 90. Is (r/(-8))/(2/8) a prime number?
False
Suppose 3*y + 2*t - 13678 = t, 0 = -5*y - t + 22800. Is y a composite number?
False
Let r(v) = -33*v**2 + 2 - 1 + 5*v**2. Let y be r(1). Let a = -16 - y. Is a a composite number?
False
Let w(x) = 5*x - 2*x - 13*x**2 + 4 + 17*x**2. Is w(-5) a composite number?
False
Let x(b) = -b**3 + 11*b**2 - 9*b - 8. Let j be x(10). Suppose -96 = r - j*r. Suppose 4*a - 2*a - 2*t - 38 = 0, -4*a - t = -r. Is a a composite number?
False
Suppose 2*k - 110 + 21 = -3*r, -2*k + 2*r + 64 = 0. Let v be (0/(-1 + 2))/1. Suppose v*o = -o + k. Is o a prime number?
True
Let w be 3/(-6) + (-2)/4. Let r be w + 4/((-4)/(-115)). Suppose 2*a + 4*p = r, -a + 3*a + p = 99. Is a a composite number?
False
Suppose -4*l + 10 = -2*l. Suppose -241 = -3*p - 5*f, l*p = 3*p + f + 152. Is p prime?
False
Let x = 9 - 5. Suppose 2*s + 2*z - 10 = -2*s, -s + 6 = x*z. Suppose -2*r - s*r = -196. Is r a composite number?
True
Let v(u) = -u**2 - 2. Let j be v(2). Let m = j - -14. Suppose -3*r = -m*r + 395. Is r a prime number?
True
Let x(l) = -6*l**2 - 2 - l + 26*l**3 + 9*l**2 + 2. Is x(2) a composite number?
True
Let v = -10 + 6. Let d = -29 - -54. Let n = v + d. Is n a prime number?
False
Suppose -225 = -l - 3*z, 6*l + z - 707 = 3*l. Is l prime?
False
Suppose 4*m = 0, 3*b + 0*b = -4*m + 825. Suppose -2*z - 2*r = 3*z - 493, 0 = -3*z + 4*r + b. Is z prime?
True
Suppose 12 = -4*q, -r + 5*q + 203 + 3 = 0. Is r a composite number?
False
Suppose 2*g - 48 = 4*m + 26, -188 = -4*g - 2*m. Suppose 4*t - p - 16 = 0, -t + 5*t = 2*p + 12. Suppose -2*z = -t*z + g. Is z a prime number?
False
Suppose 0 = 15*g - 20*g + 12895. Is g a composite number?
False
Let d(r) be the third derivative of r**5/20 + r**4/12 + r**3/3 - 5*r**2. Let w = -5 - -8. Is d(w) a composite number?
True
Suppose 2*u + 28 = 4*z, -12 = -3*z - 0*z. Let a be 0/3 + u/3. Is a/12 + 669/18 a prime number?
True
Suppose k - 5*z - 62 = 0, -k - z + 0*z + 32 = 0. Is k a composite number?
False
Let p(v) = -v**3 + 15*v**2 - 10*v + 7. Is p(11) a composite number?
True
Suppose -2203 - 515 = -s - g, 2748 = s - 5*g. Is s a composite number?
True
Suppose 0*r = -r. Suppose 3*o - 2*x = 659, -o + 3*o + 2*x - 456 = r. Is o a prime number?
True
Is 0 - (-4660)/(-8)*-2 prime?
False
Let s be 0 + -1 + 1 - 2. Let u be s/((-6)/9) - 0. Suppose p = u*p - 182. Is p prime?
False
Suppose 3*x = -2*x. Let s(y) = 8*y + 1 + 14*y + x*y. Is s(5) prime?
False
Suppose -3*o - 195 = 24. Let p = 191 - o. Suppose 3*x - 8*x = -4*b - 467, 3*b - p = -3*x. Is x a prime number?
False
Let x(f) = -174*f + 39. Is x(-12) prime?
False
Let p = 8273 - 4726. Is p a composite number?
False
Let q = -4 + 6. Suppose -k + 2*m - 5 = -q, -9 = -5*k + 2*m. Suppose 5 = k*l - 40. Is l composite?
True
Suppose -3*a = -617 + 122. Suppose a - 12 = 3*s - 2*f, -s - f = -51. Is s a prime number?
False
Suppose -5*h + 355 = -1860. Suppose h = 4*z - 209. Is z composite?
False
Is (-169)/13*(-41 - 2) composite?
True
Let x be (-12)/(-4) + 1 + 1. Suppose x*t - 2*z = -307, -z = -t + 4*z - 43. Let i = t - -130. Is i a composite number?
False
Let d(h) be the second derivative of h**5/60 - h**4/8 - h**3/2 + h**2/2 - h. Let k(p) be the first derivative of d(p). Is k(-7) a prime number?
True
Let o(b) = -7*b**3 - 13*b**2 + 11*b + 5. Let q(w) = 3*w**3 + 7*w**2 - 5*w - 3. Let j(u) = 4*o(u) + 9*q(u). Is j(10) a composite number?
False
Let n be 9/12 + 6/(-8). Suppose n = 5*i - i + 3*f - 209, -5*i + 267 = -2*f. Is i a prime number?
True
Let p = 154 - -265. Suppose p = -4*h + 5*h. Is h a composite number?
False
Suppose -4*z - 16 = 0, 3*k + 3*z = 4315 - 685. Is k prime?
False
Let f(t) = 142*t**3 + 12*t**2 - 2*t - 1. Is f(3) a prime number?
False
Let j(q) = 2 + 0 - 1 + q. Let l be j(1). Suppose l*z + 2*z = 136. Is z a composite number?
True
Suppose 765 = 3*k + q, 3*k - 410 = 4*q + 340. Is k a prime number?
False
Let n = 47 + 24. Let u be ((-2)/4)/(1/24). Let k = u + n. Is k a composite number?
False
Is -3 + 1866/22 + (-2)/(-11) prime?
False
Suppose 2 = -3*w + 8. Let x be ((-1323)/(-6))/(w/4). Suppose -x = -5*d - 16. Is d a composite number?
True
Let h(p) = 5*p + p + 6*p + 1. Suppose u + 3*u - 8 = 0. Is h(u) composite?
True
Suppose 0 = 4*v + 16, 3*v + 6 = 2*i + v. Let f(y) = y**3 - 2*y**2 + 2. Let h be f(2). Is ((-178)/4)/(i/h) prime?
True
Let h(r) = 80*r - 13. Is h(4) a prime number?
True
Let q be 493/(-6) - (-1)/6. Let y = -36 - q. Is y composite?
True
Let z = -19 - 35. Let a = -79 - z. Let n = a - -50. Is n a composite number?
True
Suppose -5*s = -18 + 3. Suppose d + d - 6 = l, -l + d = s. Suppose l = -j - 2*g + 47, -2*j + 114 = -0*j - g. Is j a prime number?
False
Let u(w) = 9*w. Let j be u(1). Let y be 4/(-6) + 33/j. Suppose -3*k - b = -36, -y*k = b - 2*b - 30. Is k prime?
True
Let u(d) = 4*d - 1 - 5*d - 2*d + 11. Is u(-8) a composite number?
True
Suppose 0 = 3*d - 8*d - 620. Let f = d - -183. Is f prime?
True
Suppose 2*p = 4*f - 6, 2*p + 1 = -3*p + 3*f. Suppose 2*l + p = -3, 4*b - 5*l - 86 = 0. Is (1*-1)/((-1)/b) a prime number?
True
Let s = -136 - -1842. Is s prime?
False
Suppose -7*b = -4*a - 2*b + 266, 3*b + 63 = a. Is a prime?
Fa